Last updated on 2024-12-19 23:50:28 CET.
Flavor | Version | Tinstall | Tcheck | Ttotal | Status | Flags |
---|---|---|---|---|---|---|
r-devel-linux-x86_64-debian-clang | 1.2.4 | 53.38 | 243.96 | 297.34 | OK | |
r-devel-linux-x86_64-debian-gcc | 1.2.4 | 35.57 | 167.02 | 202.59 | OK | |
r-devel-linux-x86_64-fedora-clang | 1.2.4 | 491.67 | OK | |||
r-devel-linux-x86_64-fedora-gcc | 1.2.4 | 485.48 | OK | |||
r-devel-windows-x86_64 | 1.2.4 | 54.00 | 241.00 | 295.00 | OK | |
r-patched-linux-x86_64 | 1.2.4 | 53.70 | 228.20 | 281.90 | OK | |
r-release-linux-x86_64 | 1.2.4 | 52.34 | 229.58 | 281.92 | OK | |
r-release-macos-arm64 | 1.2.4 | 134.00 | NOTE | |||
r-release-macos-x86_64 | 1.2.4 | 194.00 | NOTE | |||
r-release-windows-x86_64 | 1.2.4 | 55.00 | 245.00 | 300.00 | OK | |
r-oldrel-macos-arm64 | 1.2.4 | 169.00 | NOTE | |||
r-oldrel-macos-x86_64 | 1.2.4 | 218.00 | NOTE | |||
r-oldrel-windows-x86_64 | 1.2.4 | 71.00 | 314.00 | 385.00 | OK |
Version: 1.2.4
Check: installed package size
Result: NOTE
installed size is 5.4Mb
sub-directories of 1Mb or more:
help 1.1Mb
libs 3.2Mb
Flavors: r-release-macos-arm64, r-release-macos-x86_64, r-oldrel-macos-arm64, r-oldrel-macos-x86_64