CRAN Package Check Results for Package AllelicSeries

Last updated on 2024-12-19 23:50:28 CET.

Flavor Version Tinstall Tcheck Ttotal Status Flags
r-devel-linux-x86_64-debian-clang 0.1.1.2 64.00 74.58 138.58 OK
r-devel-linux-x86_64-debian-gcc 0.1.1.2 48.71 55.29 104.00 OK
r-devel-linux-x86_64-fedora-clang 0.1.1.2 263.35 OK
r-devel-linux-x86_64-fedora-gcc 0.1.1.2 285.46 OK
r-devel-windows-x86_64 0.1.1.2 70.00 125.00 195.00 OK
r-patched-linux-x86_64 0.1.1.2 68.06 71.06 139.12 OK
r-release-linux-x86_64 0.1.1.2 69.31 71.12 140.43 OK
r-release-macos-arm64 0.1.1.2 73.00 NOTE
r-release-macos-x86_64 0.1.1.2 147.00 NOTE
r-release-windows-x86_64 0.1.1.2 70.00 147.00 217.00 OK
r-oldrel-macos-arm64 0.1.1.2 75.00 NOTE
r-oldrel-macos-x86_64 0.1.1.2 151.00 NOTE
r-oldrel-windows-x86_64 0.1.1.2 80.00 142.00 222.00 OK

Check Details

Version: 0.1.1.2
Check: installed package size
Result: NOTE installed size is 5.3Mb sub-directories of 1Mb or more: libs 4.8Mb Flavors: r-release-macos-arm64, r-release-macos-x86_64, r-oldrel-macos-arm64, r-oldrel-macos-x86_64