Last updated on 2024-12-19 23:50:28 CET.
Flavor | Version | Tinstall | Tcheck | Ttotal | Status | Flags |
---|---|---|---|---|---|---|
r-devel-linux-x86_64-debian-clang | 2.0.5 | 12.33 | 97.05 | 109.38 | OK | |
r-devel-linux-x86_64-debian-gcc | 2.0.5 | 8.81 | 71.69 | 80.50 | OK | |
r-devel-linux-x86_64-fedora-clang | 2.0.5 | 178.00 | OK | |||
r-devel-linux-x86_64-fedora-gcc | 2.0.5 | 164.28 | OK | |||
r-devel-windows-x86_64 | 2.0.5 | 13.00 | 114.00 | 127.00 | OK | |
r-patched-linux-x86_64 | 2.0.5 | 11.98 | 92.20 | 104.18 | OK | |
r-release-linux-x86_64 | 2.0.5 | 12.36 | 92.55 | 104.91 | OK | |
r-release-macos-arm64 | 2.0.5 | 48.00 | NOTE | |||
r-release-macos-x86_64 | 2.0.5 | 107.00 | NOTE | |||
r-release-windows-x86_64 | 2.0.5 | 17.00 | 113.00 | 130.00 | NOTE | |
r-oldrel-macos-arm64 | 2.0.5 | 52.00 | NOTE | |||
r-oldrel-macos-x86_64 | 2.0.5 | 91.00 | NOTE | |||
r-oldrel-windows-x86_64 | 2.0.5 | 18.00 | 135.00 | 153.00 | NOTE |
Version: 2.0.5
Check: installed package size
Result: NOTE
installed size is 5.4Mb
sub-directories of 1Mb or more:
data 5.1Mb
Flavors: r-release-macos-arm64, r-release-macos-x86_64, r-release-windows-x86_64, r-oldrel-macos-arm64, r-oldrel-macos-x86_64, r-oldrel-windows-x86_64