Last updated on 2024-12-19 23:50:28 CET.
Flavor | Version | Tinstall | Tcheck | Ttotal | Status | Flags |
---|---|---|---|---|---|---|
r-devel-linux-x86_64-debian-clang | 0.2.0 | 14.09 | 97.47 | 111.56 | OK | |
r-devel-linux-x86_64-debian-gcc | 0.2.0 | 10.97 | 71.08 | 82.05 | OK | |
r-devel-linux-x86_64-fedora-clang | 0.2.0 | 180.42 | OK | |||
r-devel-linux-x86_64-fedora-gcc | 0.2.0 | 163.56 | OK | |||
r-devel-windows-x86_64 | 0.2.0 | 12.00 | 97.00 | 109.00 | OK | |
r-patched-linux-x86_64 | 0.2.0 | 12.86 | 92.79 | 105.65 | NOTE | |
r-release-linux-x86_64 | 0.2.0 | 12.90 | 91.55 | 104.45 | NOTE | |
r-release-macos-arm64 | 0.2.0 | 50.00 | NOTE | |||
r-release-macos-x86_64 | 0.2.0 | 75.00 | NOTE | |||
r-release-windows-x86_64 | 0.2.0 | 15.00 | 100.00 | 115.00 | NOTE | |
r-oldrel-macos-arm64 | 0.2.0 | 50.00 | NOTE | |||
r-oldrel-macos-x86_64 | 0.2.0 | 89.00 | NOTE | |||
r-oldrel-windows-x86_64 | 0.2.0 | 18.00 | 123.00 | 141.00 | NOTE |
Version: 0.2.0
Check: LazyData
Result: NOTE
'LazyData' is specified without a 'data' directory
Flavors: r-patched-linux-x86_64, r-release-linux-x86_64, r-release-macos-arm64, r-release-macos-x86_64, r-release-windows-x86_64, r-oldrel-macos-arm64, r-oldrel-macos-x86_64, r-oldrel-windows-x86_64