Last updated on 2024-12-19 23:50:28 CET.
Flavor | Version | Tinstall | Tcheck | Ttotal | Status | Flags |
---|---|---|---|---|---|---|
r-devel-linux-x86_64-debian-clang | 1.1 | 4.37 | 35.06 | 39.43 | NOTE | |
r-devel-linux-x86_64-debian-gcc | 1.1 | 2.53 | 27.55 | 30.08 | NOTE | |
r-devel-linux-x86_64-fedora-clang | 1.1 | 63.33 | NOTE | |||
r-devel-linux-x86_64-fedora-gcc | 1.1 | 58.92 | NOTE | |||
r-devel-windows-x86_64 | 1.1 | 5.00 | 60.00 | 65.00 | NOTE | |
r-patched-linux-x86_64 | 1.1 | 4.11 | 33.40 | 37.51 | NOTE | |
r-release-linux-x86_64 | 1.1 | 4.16 | 33.50 | 37.66 | NOTE | |
r-release-macos-arm64 | 1.1 | 21.00 | NOTE | |||
r-release-macos-x86_64 | 1.1 | 50.00 | NOTE | |||
r-release-windows-x86_64 | 1.1 | 6.00 | 61.00 | 67.00 | NOTE | |
r-oldrel-macos-arm64 | 1.1 | 25.00 | OK | |||
r-oldrel-macos-x86_64 | 1.1 | 31.00 | OK | |||
r-oldrel-windows-x86_64 | 1.1 | 6.00 | 63.00 | 69.00 | OK |
Version: 1.1
Check: Rd files
Result: NOTE
checkRd: (-1) Autoplotprotein-package.Rd:27: Lost braces
27 | code{\link{help}}
| ^
checkRd: (-1) Autoplotprotein.Rd:25: Lost braces
25 | code{\link{help}}
| ^
checkRd: (-1) data.Rd:22: Lost braces
22 | code{\link{help}}
| ^
checkRd: (-1) domain_data.Rd:29: Lost braces
29 | code{\link{help}}
| ^
checkRd: (-1) length_data.Rd:32: Lost braces
32 | code{\link{help}}
| ^
checkRd: (-1) plotdomain.Rd:30: Lost braces
30 | code{\link{help}}
| ^
checkRd: (-1) plotmutagensis.Rd:30: Lost braces
30 | code{\link{help}}
| ^
checkRd: (-1) plotsite.Rd:30: Lost braces
30 | code{\link{help}}
| ^
checkRd: (-1) site_data.Rd:30: Lost braces
30 | code{\link{help}}
| ^
Flavors: r-devel-linux-x86_64-debian-clang, r-devel-linux-x86_64-debian-gcc, r-devel-linux-x86_64-fedora-clang, r-devel-linux-x86_64-fedora-gcc, r-devel-windows-x86_64, r-patched-linux-x86_64, r-release-linux-x86_64, r-release-macos-arm64, r-release-macos-x86_64, r-release-windows-x86_64