Last updated on 2024-12-19 23:50:29 CET.
Flavor | Version | Tinstall | Tcheck | Ttotal | Status | Flags |
---|---|---|---|---|---|---|
r-devel-linux-x86_64-debian-clang | 0.1.3 | 30.87 | 70.93 | 101.80 | NOTE | |
r-devel-linux-x86_64-debian-gcc | 0.1.3 | 22.97 | 51.69 | 74.66 | NOTE | |
r-devel-linux-x86_64-fedora-clang | 0.1.3 | 177.51 | NOTE | |||
r-devel-linux-x86_64-fedora-gcc | 0.1.3 | 274.27 | NOTE | |||
r-devel-windows-x86_64 | 0.1.3 | 32.00 | 96.00 | 128.00 | NOTE | |
r-patched-linux-x86_64 | 0.1.3 | 30.76 | 66.14 | 96.90 | NOTE | |
r-release-linux-x86_64 | 0.1.3 | 30.97 | 65.49 | 96.46 | NOTE | |
r-release-macos-arm64 | 0.1.3 | 82.00 | NOTE | |||
r-release-macos-x86_64 | 0.1.3 | 177.00 | NOTE | |||
r-release-windows-x86_64 | 0.1.3 | 34.00 | 122.00 | 156.00 | NOTE | |
r-oldrel-macos-arm64 | 0.1.3 | 84.00 | NOTE | |||
r-oldrel-macos-x86_64 | 0.1.3 | 138.00 | NOTE | |||
r-oldrel-windows-x86_64 | 0.1.3 | 40.00 | 117.00 | 157.00 | NOTE |
Version: 0.1.3
Check: C++ specification
Result: NOTE
Specified C++11: please drop specification unless essential
Flavors: r-devel-linux-x86_64-debian-clang, r-devel-linux-x86_64-debian-gcc, r-devel-linux-x86_64-fedora-clang, r-devel-linux-x86_64-fedora-gcc, r-devel-windows-x86_64, r-patched-linux-x86_64, r-release-linux-x86_64, r-release-macos-arm64, r-release-macos-x86_64, r-release-windows-x86_64, r-oldrel-macos-arm64, r-oldrel-macos-x86_64, r-oldrel-windows-x86_64