CRAN Package Check Results for Package BIFIEsurvey

Last updated on 2024-12-19 23:50:29 CET.

Flavor Version Tinstall Tcheck Ttotal Status Flags
r-devel-linux-x86_64-debian-clang 3.6-6 123.82 121.56 245.38 OK
r-devel-linux-x86_64-debian-gcc 3.6-6 87.89 85.09 172.98 OK
r-devel-linux-x86_64-fedora-clang 3.6-6 427.35 OK
r-devel-linux-x86_64-fedora-gcc 3.6-6 474.12 OK
r-devel-windows-x86_64 3.6-6 116.00 151.00 267.00 OK
r-patched-linux-x86_64 3.6-6 125.62 114.12 239.74 OK
r-release-linux-x86_64 3.6-6 118.39 114.44 232.83 OK
r-release-macos-arm64 3.6-6 64.00 NOTE
r-release-macos-x86_64 3.6-6 128.00 NOTE
r-release-windows-x86_64 3.6-6 117.00 150.00 267.00 OK
r-oldrel-macos-arm64 3.6-6 70.00 NOTE
r-oldrel-macos-x86_64 3.6-6 92.00 NOTE
r-oldrel-windows-x86_64 3.6-6 146.00 188.00 334.00 OK

Check Details

Version: 3.6-6
Check: installed package size
Result: NOTE installed size is 9.6Mb sub-directories of 1Mb or more: data 1.4Mb libs 7.7Mb Flavors: r-release-macos-arm64, r-release-macos-x86_64, r-oldrel-macos-arm64, r-oldrel-macos-x86_64