Last updated on 2024-12-19 23:50:29 CET.
Flavor | Version | Tinstall | Tcheck | Ttotal | Status | Flags |
---|---|---|---|---|---|---|
r-devel-linux-x86_64-debian-clang | 3.0.3 | 26.35 | 61.38 | 87.73 | OK | |
r-devel-linux-x86_64-debian-gcc | 3.0.3 | 16.85 | 41.92 | 58.77 | OK | |
r-devel-linux-x86_64-fedora-clang | 3.0.3 | 142.61 | NOTE | |||
r-devel-linux-x86_64-fedora-gcc | 3.0.3 | 155.58 | NOTE | |||
r-devel-windows-x86_64 | 3.0.3 | 27.00 | 82.00 | 109.00 | OK | |
r-patched-linux-x86_64 | 3.0.3 | 26.49 | 58.65 | 85.14 | OK | |
r-release-linux-x86_64 | 3.0.3 | 25.37 | 59.59 | 84.96 | OK | |
r-release-macos-arm64 | 3.0.3 | 57.00 | OK | |||
r-release-macos-x86_64 | 3.0.3 | 105.00 | OK | |||
r-release-windows-x86_64 | 3.0.3 | 29.00 | 82.00 | 111.00 | OK | |
r-oldrel-macos-arm64 | 3.0.3 | 60.00 | OK | |||
r-oldrel-macos-x86_64 | 3.0.3 | 82.00 | OK | |||
r-oldrel-windows-x86_64 | 3.0.3 | 38.00 | 88.00 | 126.00 | OK |
Version: 3.0.3
Check: dependencies in R code
Result: NOTE
Namespace in Imports field not imported from: ‘httr’
All declared Imports should be used.
Flavors: r-devel-linux-x86_64-fedora-clang, r-devel-linux-x86_64-fedora-gcc