CRAN Package Check Results for Package BSL

Last updated on 2024-12-19 23:50:29 CET.

Flavor Version Tinstall Tcheck Ttotal Status Flags
r-devel-linux-x86_64-debian-clang 3.2.5 32.59 105.61 138.20 OK
r-devel-linux-x86_64-debian-gcc 3.2.5 24.72 74.08 98.80 OK
r-devel-linux-x86_64-fedora-clang 3.2.5 243.45 OK
r-devel-linux-x86_64-fedora-gcc 3.2.5 246.84 OK
r-devel-windows-x86_64 3.2.5 42.00 140.00 182.00 NOTE
r-patched-linux-x86_64 3.2.5 35.14 98.87 134.01 OK
r-release-linux-x86_64 3.2.5 34.73 98.57 133.30 OK
r-release-macos-arm64 3.2.5 68.00 OK
r-release-macos-x86_64 3.2.5 102.00 OK
r-release-windows-x86_64 3.2.5 43.00 138.00 181.00 NOTE
r-oldrel-macos-arm64 3.2.5 70.00 OK
r-oldrel-macos-x86_64 3.2.5 117.00 OK
r-oldrel-windows-x86_64 3.2.5 50.00 167.00 217.00 NOTE

Check Details

Version: 3.2.5
Check: C++ specification
Result: NOTE Specified C++11: please drop specification unless essential Flavors: r-devel-windows-x86_64, r-release-windows-x86_64, r-oldrel-windows-x86_64