CRAN Package Check Results for Package BT

Last updated on 2024-12-19 23:50:29 CET.

Flavor Version Tinstall Tcheck Ttotal Status Flags
r-devel-linux-x86_64-debian-clang 0.4 2.98 365.52 368.50 NOTE
r-devel-linux-x86_64-debian-gcc 0.4 2.36 264.16 266.52 NOTE
r-devel-linux-x86_64-fedora-clang 0.4 586.20 OK
r-devel-linux-x86_64-fedora-gcc 0.4 630.91 OK
r-devel-windows-x86_64 0.4 5.00 487.00 492.00 NOTE
r-patched-linux-x86_64 0.4 3.63 372.42 376.05 OK
r-release-linux-x86_64 0.4 3.08 357.31 360.39 OK
r-release-macos-arm64 0.4 213.00 OK
r-release-macos-x86_64 0.4 387.00 OK
r-release-windows-x86_64 0.4 4.00 505.00 509.00 OK
r-oldrel-macos-arm64 0.4 211.00 OK
r-oldrel-macos-x86_64 0.4 751.00 OK
r-oldrel-windows-x86_64 0.4 6.00 539.00 545.00 OK

Check Details

Version: 0.4
Check: Rd cross-references
Result: NOTE Found the following Rd file(s) with Rd \link{} targets missing package anchors: BT.Rd: rpart, rpart.control BT_Call.Rd: rpart.control Please provide package anchors for all Rd \link{} targets not in the package itself and the base packages. Flavors: r-devel-linux-x86_64-debian-clang, r-devel-linux-x86_64-debian-gcc, r-devel-windows-x86_64