CRAN Package Check Results for Package BaseSet

Last updated on 2024-12-19 23:50:28 CET.

Flavor Version Tinstall Tcheck Ttotal Status Flags
r-devel-linux-x86_64-debian-clang 0.9.0 9.12 236.26 245.38 OK
r-devel-linux-x86_64-debian-gcc 0.9.0 6.19 158.16 164.35 OK
r-devel-linux-x86_64-fedora-clang 0.9.0 399.48 OK
r-devel-linux-x86_64-fedora-gcc 0.9.0 403.70 OK
r-devel-windows-x86_64 0.9.0 10.00 240.00 250.00 OK
r-patched-linux-x86_64 0.9.0 12.59 226.76 239.35 OK
r-release-linux-x86_64 0.9.0 8.47 225.26 233.73 OK
r-release-macos-arm64 0.9.0 57.00 NOTE
r-release-macos-x86_64 0.9.0 185.00 OK
r-release-windows-x86_64 0.9.0 10.00 230.00 240.00 OK
r-oldrel-macos-arm64 0.9.0 62.00 NOTE
r-oldrel-macos-x86_64 0.9.0 103.00 NOTE
r-oldrel-windows-x86_64 0.9.0 15.00 292.00 307.00 OK

Check Details

Version: 0.9.0
Check: package dependencies
Result: NOTE Package suggested but not available for checking: ‘reactome.db’ Flavors: r-release-macos-arm64, r-oldrel-macos-arm64, r-oldrel-macos-x86_64