CRAN Package Check Results for Package BayesPostEst

Last updated on 2024-12-19 23:50:29 CET.

Flavor Version Tinstall Tcheck Ttotal Status Flags
r-devel-linux-x86_64-debian-clang 0.3.2 5.11 192.95 198.06 OK
r-devel-linux-x86_64-debian-gcc 0.3.2 4.42 134.78 139.20 OK
r-devel-linux-x86_64-fedora-clang 0.3.2 335.60 NOTE
r-devel-linux-x86_64-fedora-gcc 0.3.2 316.37 NOTE
r-devel-windows-x86_64 0.3.2 9.00 238.00 247.00 OK
r-patched-linux-x86_64 0.3.2 5.36 185.87 191.23 OK
r-release-linux-x86_64 0.3.2 4.88 185.36 190.24 OK
r-release-macos-arm64 0.3.2 92.00 OK
r-release-macos-x86_64 0.3.2 136.00 OK
r-release-windows-x86_64 0.3.2 10.00 237.00 247.00 OK
r-oldrel-macos-arm64 0.3.2 100.00 OK
r-oldrel-macos-x86_64 0.3.2 160.00 OK
r-oldrel-windows-x86_64 0.3.2 14.00 268.00 282.00 OK

Check Details

Version: 0.3.2
Check: dependencies in R code
Result: NOTE Namespaces in Imports field not imported from: ‘HDInterval’ ‘MCMCpack’ ‘R2WinBUGS’ ‘R2jags’ ‘carData’ ‘rjags’ All declared Imports should be used. Flavors: r-devel-linux-x86_64-fedora-clang, r-devel-linux-x86_64-fedora-gcc