Last updated on 2024-12-19 23:50:29 CET.
Flavor | Version | Tinstall | Tcheck | Ttotal | Status | Flags |
---|---|---|---|---|---|---|
r-devel-linux-x86_64-debian-clang | 2.2-1 | 148.17 | 85.94 | 234.11 | OK | |
r-devel-linux-x86_64-debian-gcc | 2.2-1 | 109.62 | 64.47 | 174.09 | OK | |
r-devel-linux-x86_64-fedora-clang | 2.2-1 | 414.67 | OK | |||
r-devel-linux-x86_64-fedora-gcc | 2.2-1 | 482.59 | OK | |||
r-devel-windows-x86_64 | 2.2-1 | 143.00 | 125.00 | 268.00 | OK | |
r-patched-linux-x86_64 | 2.2-1 | 150.10 | 81.16 | 231.26 | OK | |
r-release-linux-x86_64 | 2.2-1 | 153.16 | 82.35 | 235.51 | OK | |
r-release-macos-arm64 | 2.2-1 | 127.00 | NOTE | |||
r-release-macos-x86_64 | 2.2-1 | 188.00 | NOTE | |||
r-release-windows-x86_64 | 2.2-1 | 145.00 | 134.00 | 279.00 | NOTE | |
r-oldrel-macos-arm64 | 2.2-1 | 255.00 | NOTE | |||
r-oldrel-macos-x86_64 | 2.2-1 | 344.00 | NOTE | |||
r-oldrel-windows-x86_64 | 2.2-1 | 173.00 | 151.00 | 324.00 | NOTE |
Version: 2.2-1
Check: installed package size
Result: NOTE
installed size is 18.2Mb
sub-directories of 1Mb or more:
data 1.5Mb
doc 1.4Mb
libs 14.5Mb
Flavors: r-release-macos-arm64, r-release-macos-x86_64, r-release-windows-x86_64, r-oldrel-macos-arm64, r-oldrel-macos-x86_64, r-oldrel-windows-x86_64