CRAN Package Check Results for Package BcDiag

Last updated on 2024-12-19 23:50:29 CET.

Flavor Version Tinstall Tcheck Ttotal Status Flags
r-devel-linux-x86_64-debian-clang 1.0.10 4.30 50.32 54.62 NOTE
r-devel-linux-x86_64-debian-gcc 1.0.10 3.36 40.19 43.55 NOTE
r-devel-linux-x86_64-fedora-clang 1.0.10 86.27 NOTE
r-devel-linux-x86_64-fedora-gcc 1.0.10 88.57 NOTE
r-devel-windows-x86_64 1.0.10 5.00 71.00 76.00 OK
r-patched-linux-x86_64 1.0.10 4.37 48.40 52.77 NOTE
r-release-linux-x86_64 1.0.10 3.09 48.44 51.53 NOTE
r-release-macos-arm64 1.0.10 29.00 OK
r-release-macos-x86_64 1.0.10 80.00 OK
r-release-windows-x86_64 1.0.10 5.00 72.00 77.00 OK
r-oldrel-macos-arm64 1.0.10 32.00 OK
r-oldrel-macos-x86_64 1.0.10 32.00 OK
r-oldrel-windows-x86_64 1.0.10 6.00 79.00 85.00 OK

Check Details

Version: 1.0.10
Check: for non-standard things in the check directory
Result: NOTE Found the following files/directories: ‘fabiabreast.txt’ Flavors: r-devel-linux-x86_64-debian-clang, r-devel-linux-x86_64-debian-gcc, r-devel-linux-x86_64-fedora-clang, r-devel-linux-x86_64-fedora-gcc, r-patched-linux-x86_64, r-release-linux-x86_64