CRAN Package Check Results for Package BeSS

Last updated on 2024-12-19 23:50:29 CET.

Flavor Version Tinstall Tcheck Ttotal Status Flags
r-devel-linux-x86_64-debian-clang 2.0.4 75.83 77.46 153.29 OK
r-devel-linux-x86_64-debian-gcc 2.0.4 62.86 67.52 130.38 OK
r-devel-linux-x86_64-fedora-clang 2.0.4 245.68 OK
r-devel-linux-x86_64-fedora-gcc 2.0.4 290.66 OK
r-devel-windows-x86_64 2.0.4 73.00 116.00 189.00 OK
r-patched-linux-x86_64 2.0.4 82.89 82.27 165.16 OK
r-release-linux-x86_64 2.0.4 86.09 82.64 168.73 OK
r-release-macos-arm64 2.0.4 70.00 NOTE
r-release-macos-x86_64 2.0.4 98.00 NOTE
r-release-windows-x86_64 2.0.4 75.00 115.00 190.00 OK
r-oldrel-macos-arm64 2.0.4 75.00 NOTE
r-oldrel-macos-x86_64 2.0.4 171.00 NOTE
r-oldrel-windows-x86_64 2.0.4 85.00 137.00 222.00 OK

Check Details

Version: 2.0.4
Check: installed package size
Result: NOTE installed size is 31.1Mb sub-directories of 1Mb or more: libs 30.1Mb Flavors: r-release-macos-arm64, r-release-macos-x86_64, r-oldrel-macos-arm64, r-oldrel-macos-x86_64