Last updated on 2024-12-19 23:50:29 CET.
Flavor | Version | Tinstall | Tcheck | Ttotal | Status | Flags |
---|---|---|---|---|---|---|
r-devel-linux-x86_64-debian-clang | 2.1.4 | 31.74 | 149.41 | 181.15 | OK | |
r-devel-linux-x86_64-debian-gcc | 2.1.4 | 20.56 | 101.42 | 121.98 | OK | |
r-devel-linux-x86_64-fedora-clang | 2.1.4 | 298.48 | NOTE | |||
r-devel-linux-x86_64-fedora-gcc | 2.1.4 | 299.35 | NOTE | |||
r-devel-windows-x86_64 | 2.1.4 | 33.00 | 158.00 | 191.00 | OK | |
r-patched-linux-x86_64 | 2.1.4 | 32.05 | 137.02 | 169.07 | OK | |
r-release-linux-x86_64 | 2.1.4 | 30.26 | 142.24 | 172.50 | OK | |
r-release-macos-arm64 | 2.1.4 | 66.00 | OK | |||
r-release-macos-x86_64 | 2.1.4 | 108.00 | OK | |||
r-release-windows-x86_64 | 2.1.4 | 33.00 | 156.00 | 189.00 | OK | |
r-oldrel-macos-arm64 | 2.1.4 | 70.00 | OK | |||
r-oldrel-macos-x86_64 | 2.1.4 | 205.00 | OK | |||
r-oldrel-windows-x86_64 | 2.1.4 | 44.00 | 204.00 | 248.00 | OK |
Version: 2.1.4
Check: dependencies in R code
Result: NOTE
Namespace in Imports field not imported from: ‘RBGL’
All declared Imports should be used.
Flavors: r-devel-linux-x86_64-fedora-clang, r-devel-linux-x86_64-fedora-gcc