Last updated on 2024-12-19 23:50:29 CET.
Flavor | Version | Tinstall | Tcheck | Ttotal | Status | Flags |
---|---|---|---|---|---|---|
r-devel-linux-x86_64-debian-clang | 1.1.3 | 19.22 | 169.29 | 188.51 | OK | |
r-devel-linux-x86_64-debian-gcc | 1.1.3 | 14.42 | 123.30 | 137.72 | OK | |
r-devel-linux-x86_64-fedora-clang | 1.1.3 | 314.08 | OK | |||
r-devel-linux-x86_64-fedora-gcc | 1.1.3 | 315.14 | OK | |||
r-devel-windows-x86_64 | 1.1.3 | 20.00 | 147.00 | 167.00 | OK | |
r-patched-linux-x86_64 | 1.1.3 | 19.32 | 160.60 | 179.92 | OK | |
r-release-linux-x86_64 | 1.1.3 | 18.29 | 157.43 | 175.72 | OK | |
r-release-macos-arm64 | 1.1.3 | 84.00 | OK | |||
r-release-macos-x86_64 | 1.1.3 | 126.00 | OK | |||
r-release-windows-x86_64 | 1.1.3 | 21.00 | 147.00 | 168.00 | OK | |
r-oldrel-macos-arm64 | 1.1.3 | 84.00 | OK | |||
r-oldrel-macos-x86_64 | 1.1.3 | 147.00 | OK | |||
r-oldrel-windows-x86_64 | 1.1.3 | 3.00 | 9.00 | 12.00 | ERROR |
Version: 1.1.3
Check: whether package can be installed
Result: ERROR
Installation failed.
Flavor: r-oldrel-windows-x86_64