Last updated on 2024-12-19 23:50:29 CET.
Flavor | Version | Tinstall | Tcheck | Ttotal | Status | Flags |
---|---|---|---|---|---|---|
r-devel-linux-x86_64-debian-clang | 0.2.10 | 16.43 | 50.77 | 67.20 | OK | |
r-devel-linux-x86_64-debian-gcc | 0.2.10 | 13.09 | 38.36 | 51.45 | OK | |
r-devel-linux-x86_64-fedora-clang | 0.2.10 | 120.53 | OK | |||
r-devel-linux-x86_64-fedora-gcc | 0.2.10 | 129.78 | OK | |||
r-devel-windows-x86_64 | 0.2.10 | 24.00 | 83.00 | 107.00 | OK | |
r-patched-linux-x86_64 | 0.2.10 | 15.81 | 48.69 | 64.50 | NOTE | |
r-release-linux-x86_64 | 0.2.10 | 16.05 | 48.07 | 64.12 | NOTE | |
r-release-macos-arm64 | 0.2.10 | 43.00 | NOTE | |||
r-release-macos-x86_64 | 0.2.10 | 60.00 | NOTE | |||
r-release-windows-x86_64 | 0.2.10 | 22.00 | 85.00 | 107.00 | NOTE | |
r-oldrel-macos-arm64 | 0.2.10 | 45.00 | NOTE | |||
r-oldrel-macos-x86_64 | 0.2.10 | 66.00 | NOTE | |||
r-oldrel-windows-x86_64 | 0.2.10 | 26.00 | 98.00 | 124.00 | NOTE |
Version: 0.2.10
Check: LazyData
Result: NOTE
'LazyData' is specified without a 'data' directory
Flavors: r-patched-linux-x86_64, r-release-linux-x86_64, r-release-macos-arm64, r-release-macos-x86_64, r-release-windows-x86_64, r-oldrel-macos-arm64, r-oldrel-macos-x86_64, r-oldrel-windows-x86_64