Last updated on 2024-12-19 23:50:29 CET.
Flavor | Version | Tinstall | Tcheck | Ttotal | Status | Flags |
---|---|---|---|---|---|---|
r-devel-linux-x86_64-debian-clang | 1.0.3 | 12.92 | 66.83 | 79.75 | OK | |
r-devel-linux-x86_64-debian-gcc | 1.0.3 | 8.84 | 47.03 | 55.87 | OK | |
r-devel-linux-x86_64-fedora-clang | 1.0.3 | 130.34 | OK | |||
r-devel-linux-x86_64-fedora-gcc | 1.0.3 | 125.73 | OK | |||
r-devel-windows-x86_64 | 1.0.3 | 12.00 | 76.00 | 88.00 | OK | |
r-patched-linux-x86_64 | 1.0.3 | 9.80 | 62.37 | 72.17 | NOTE | |
r-release-linux-x86_64 | 1.0.3 | 12.25 | 62.61 | 74.86 | NOTE | |
r-release-macos-arm64 | 1.0.3 | 39.00 | NOTE | |||
r-release-macos-x86_64 | 1.0.3 | 55.00 | NOTE | |||
r-release-windows-x86_64 | 1.0.3 | 13.00 | 95.00 | 108.00 | NOTE | |
r-oldrel-macos-arm64 | 1.0.3 | 37.00 | NOTE | |||
r-oldrel-macos-x86_64 | 1.0.3 | 70.00 | NOTE | |||
r-oldrel-windows-x86_64 | 1.0.3 | 16.00 | 91.00 | 107.00 | NOTE |
Version: 1.0.3
Check: LazyData
Result: NOTE
'LazyData' is specified without a 'data' directory
Flavors: r-patched-linux-x86_64, r-release-linux-x86_64, r-release-macos-arm64, r-release-macos-x86_64, r-release-windows-x86_64, r-oldrel-macos-arm64, r-oldrel-macos-x86_64, r-oldrel-windows-x86_64