CRAN Package Check Results for Package BoostMLR

Last updated on 2024-12-19 23:50:29 CET.

Flavor Version Tinstall Tcheck Ttotal Status Flags
r-devel-linux-x86_64-debian-clang 1.0.3 60.72 34.20 94.92 OK
r-devel-linux-x86_64-debian-gcc 1.0.3 45.60 25.14 70.74 OK
r-devel-linux-x86_64-fedora-clang 1.0.3 142.73 OK
r-devel-linux-x86_64-fedora-gcc 1.0.3 167.05 OK
r-devel-windows-x86_64 1.0.3 51.00 76.00 127.00 OK
r-patched-linux-x86_64 1.0.3 59.17 32.80 91.97 OK
r-release-linux-x86_64 1.0.3 63.05 32.56 95.61 OK
r-release-macos-arm64 1.0.3 36.00 OK
r-release-macos-x86_64 1.0.3 51.00 NOTE
r-release-windows-x86_64 1.0.3 51.00 78.00 129.00 OK
r-oldrel-macos-arm64 1.0.3 43.00 OK
r-oldrel-macos-x86_64 1.0.3 71.00 NOTE
r-oldrel-windows-x86_64 1.0.3 70.00 85.00 155.00 OK

Check Details

Version: 1.0.3
Check: installed package size
Result: NOTE installed size is 5.1Mb sub-directories of 1Mb or more: libs 4.7Mb Flavors: r-release-macos-x86_64, r-oldrel-macos-x86_64