CRAN Package Check Results for Package BrokenAdaptiveRidge

Last updated on 2024-12-19 23:50:29 CET.

Flavor Version Tinstall Tcheck Ttotal Status Flags
r-devel-linux-x86_64-debian-clang 1.0.0 7.53 71.77 79.30 NOTE
r-devel-linux-x86_64-debian-gcc 1.0.0 6.89 51.91 58.80 NOTE
r-devel-linux-x86_64-fedora-clang 1.0.0 133.43 OK
r-devel-linux-x86_64-fedora-gcc 1.0.0 127.24 OK
r-devel-windows-x86_64 1.0.0 9.00 80.00 89.00 NOTE
r-patched-linux-x86_64 1.0.0 14.79 66.98 81.77 OK
r-release-linux-x86_64 1.0.0 7.97 66.35 74.32 OK
r-release-macos-arm64 1.0.0 38.00 OK
r-release-macos-x86_64 1.0.0 94.00 OK
r-release-windows-x86_64 1.0.0 9.00 80.00 89.00 OK
r-oldrel-macos-arm64 1.0.0 38.00 OK
r-oldrel-macos-x86_64 1.0.0 65.00 OK
r-oldrel-windows-x86_64 1.0.0 13.00 95.00 108.00 OK

Check Details

Version: 1.0.0
Check: Rd cross-references
Result: NOTE Found the following Rd file(s) with Rd \link{} targets missing package anchors: createBarPrior.Rd: fitCyclopsModel createFastBarPrior.Rd: fitCyclopsModel Please provide package anchors for all Rd \link{} targets not in the package itself and the base packages. Flavors: r-devel-linux-x86_64-debian-clang, r-devel-linux-x86_64-debian-gcc, r-devel-windows-x86_64