CRAN Package Check Results for Package CERFIT

Last updated on 2024-12-19 23:50:30 CET.

Flavor Version Tinstall Tcheck Ttotal Status Flags
r-devel-linux-x86_64-debian-clang 0.1.0 26.67 62.47 89.14 NOTE
r-devel-linux-x86_64-debian-gcc 0.1.0 19.70 44.57 64.27 NOTE
r-devel-linux-x86_64-fedora-clang 0.1.0 169.82 NOTE
r-devel-linux-x86_64-fedora-gcc 0.1.0 158.10 NOTE
r-devel-windows-x86_64 0.1.0 33.00 92.00 125.00 NOTE
r-patched-linux-x86_64 0.1.0 28.79 59.23 88.02 NOTE
r-release-linux-x86_64 0.1.0 29.04 59.04 88.08 NOTE
r-release-macos-arm64 0.1.0 41.00 NOTE
r-release-macos-x86_64 0.1.0 69.00 NOTE
r-release-windows-x86_64 0.1.0 34.00 92.00 126.00 NOTE
r-oldrel-macos-arm64 0.1.0 48.00 NOTE
r-oldrel-macos-x86_64 0.1.0 79.00 NOTE
r-oldrel-windows-x86_64 0.1.0 38.00 107.00 145.00 NOTE

Check Details

Version: 0.1.0
Check: C++ specification
Result: NOTE Specified C++11: please drop specification unless essential Flavors: r-devel-linux-x86_64-debian-clang, r-devel-linux-x86_64-debian-gcc, r-devel-linux-x86_64-fedora-clang, r-devel-linux-x86_64-fedora-gcc, r-devel-windows-x86_64, r-patched-linux-x86_64, r-release-linux-x86_64, r-release-macos-arm64, r-release-macos-x86_64, r-release-windows-x86_64, r-oldrel-macos-arm64, r-oldrel-macos-x86_64, r-oldrel-windows-x86_64