CRAN Package Check Results for Package CKLRT

Last updated on 2024-12-19 23:50:30 CET.

Flavor Version Tinstall Tcheck Ttotal Status Flags
r-devel-linux-x86_64-debian-clang 0.2.3 46.70 62.47 109.17 OK
r-devel-linux-x86_64-debian-gcc 0.2.3 35.46 49.07 84.53 OK
r-devel-linux-x86_64-fedora-clang 0.2.3 186.64 OK
r-devel-linux-x86_64-fedora-gcc 0.2.3 200.45 OK
r-devel-windows-x86_64 0.2.3 45.00 104.00 149.00 OK
r-patched-linux-x86_64 0.2.3 51.28 63.08 114.36 NOTE
r-release-linux-x86_64 0.2.3 55.38 62.94 118.32 NOTE
r-release-macos-arm64 0.2.3 50.00 NOTE
r-release-macos-x86_64 0.2.3 77.00 NOTE
r-release-windows-x86_64 0.2.3 48.00 120.00 168.00 NOTE
r-oldrel-macos-arm64 0.2.3 57.00 NOTE
r-oldrel-macos-x86_64 0.2.3 89.00 NOTE
r-oldrel-windows-x86_64 0.2.3 53.00 124.00 177.00 NOTE

Check Details

Version: 0.2.3
Check: LazyData
Result: NOTE 'LazyData' is specified without a 'data' directory Flavors: r-patched-linux-x86_64, r-release-linux-x86_64, r-release-macos-arm64, r-release-macos-x86_64, r-release-windows-x86_64, r-oldrel-macos-arm64, r-oldrel-macos-x86_64, r-oldrel-windows-x86_64

Version: 0.2.3
Check: installed package size
Result: NOTE installed size is 21.2Mb sub-directories of 1Mb or more: libs 20.9Mb Flavors: r-release-macos-arm64, r-release-macos-x86_64, r-oldrel-macos-arm64, r-oldrel-macos-x86_64