CRAN Package Check Results for Package CatPredi

Last updated on 2024-12-19 23:50:30 CET.

Flavor Version Tinstall Tcheck Ttotal Status Flags
r-devel-linux-x86_64-debian-clang 1.3 11.91 107.44 119.35 NOTE
r-devel-linux-x86_64-debian-gcc 1.3 7.36 75.68 83.04 NOTE
r-devel-linux-x86_64-fedora-clang 1.3 194.17 OK
r-devel-linux-x86_64-fedora-gcc 1.3 189.21 OK
r-devel-windows-x86_64 1.3 13.00 109.00 122.00 NOTE
r-patched-linux-x86_64 1.3 9.38 101.01 110.39 OK
r-release-linux-x86_64 1.3 10.64 99.28 109.92 OK
r-release-macos-arm64 1.3 53.00 OK
r-release-macos-x86_64 1.3 78.00 OK
r-release-windows-x86_64 1.3 13.00 113.00 126.00 OK
r-oldrel-macos-arm64 1.3 58.00 OK
r-oldrel-macos-x86_64 1.3 91.00 OK
r-oldrel-windows-x86_64 1.3 18.00 136.00 154.00 OK

Check Details

Version: 1.3
Check: Rd cross-references
Result: NOTE Found the following Rd file(s) with Rd \link{} targets missing package anchors: catpredi.Rd: mgcv catpredi.survival.Rd: Surv Please provide package anchors for all Rd \link{} targets not in the package itself and the base packages. Flavors: r-devel-linux-x86_64-debian-clang, r-devel-linux-x86_64-debian-gcc, r-devel-windows-x86_64