CRAN Package Check Results for Package CoDiNA

Last updated on 2024-12-19 23:50:30 CET.

Flavor Version Tinstall Tcheck Ttotal Status Flags
r-devel-linux-x86_64-debian-clang 1.1.2 5.09 37.84 42.93 OK
r-devel-linux-x86_64-debian-gcc 1.1.2 4.00 27.90 31.90 OK
r-devel-linux-x86_64-fedora-clang 1.1.2 73.15 OK
r-devel-linux-x86_64-fedora-gcc 1.1.2 63.80 OK
r-devel-windows-x86_64 1.1.2 7.00 58.00 65.00 OK
r-patched-linux-x86_64 1.1.2 4.35 35.73 40.08 OK
r-release-linux-x86_64 1.1.2 4.20 35.89 40.09 OK
r-release-macos-arm64 1.1.2 24.00 OK
r-release-macos-x86_64 1.1.2 35.00 OK
r-release-windows-x86_64 1.1.2 7.00 57.00 64.00 OK
r-oldrel-macos-arm64 1.1.2 25.00 OK
r-oldrel-macos-x86_64 1.1.2 38.00 NOTE
r-oldrel-windows-x86_64 1.1.2 9.00 66.00 75.00 OK

Check Details

Version: 1.1.2
Check: package dependencies
Result: NOTE Package suggested but not available for checking: ‘wTO’ Flavor: r-oldrel-macos-x86_64