CRAN Package Check Results for Package Coinprofile

Last updated on 2024-12-19 23:50:31 CET.

Flavor Version Tinstall Tcheck Ttotal Status Flags
r-devel-linux-x86_64-debian-clang 0.1.9 3.17 28.13 31.30 OK
r-devel-linux-x86_64-debian-gcc 0.1.9 1.96 19.68 21.64 OK
r-devel-linux-x86_64-fedora-clang 0.1.9 52.38 NOTE
r-devel-linux-x86_64-fedora-gcc 0.1.9 46.36 NOTE
r-devel-windows-x86_64 0.1.9 4.00 47.00 51.00 OK
r-patched-linux-x86_64 0.1.9 3.10 26.00 29.10 NOTE
r-release-linux-x86_64 0.1.9 2.91 27.12 30.03 NOTE
r-release-macos-arm64 0.1.9 17.00 NOTE
r-release-macos-x86_64 0.1.9 27.00 NOTE
r-release-windows-x86_64 0.1.9 5.00 46.00 51.00 NOTE
r-oldrel-macos-arm64 0.1.9 19.00 NOTE
r-oldrel-macos-x86_64 0.1.9 26.00 NOTE
r-oldrel-windows-x86_64 0.1.9 6.00 52.00 58.00 NOTE

Check Details

Version: 0.1.9
Check: dependencies in R code
Result: NOTE Namespaces in Imports field not imported from: ‘Rdpack’ ‘coin’ ‘ggplot2’ ‘plyr’ All declared Imports should be used. Flavors: r-devel-linux-x86_64-fedora-clang, r-devel-linux-x86_64-fedora-gcc

Version: 0.1.9
Check: LazyData
Result: NOTE 'LazyData' is specified without a 'data' directory Flavors: r-patched-linux-x86_64, r-release-linux-x86_64, r-release-macos-arm64, r-release-macos-x86_64, r-release-windows-x86_64, r-oldrel-macos-arm64, r-oldrel-macos-x86_64, r-oldrel-windows-x86_64