CRAN Package Check Results for Package CoxICPen

Last updated on 2024-12-19 23:50:31 CET.

Flavor Version Tinstall Tcheck Ttotal Status Flags
r-devel-linux-x86_64-debian-clang 1.1.0 4.14 27.84 31.98 OK
r-devel-linux-x86_64-debian-gcc 1.1.0 2.64 20.82 23.46 OK
r-devel-linux-x86_64-fedora-clang 1.1.0 53.32 OK
r-devel-linux-x86_64-fedora-gcc 1.1.0 47.43 OK
r-devel-windows-x86_64 1.1.0 5.00 50.00 55.00 OK
r-patched-linux-x86_64 1.1.0 3.95 26.64 30.59 NOTE
r-release-linux-x86_64 1.1.0 2.89 26.53 29.42 NOTE
r-release-macos-arm64 1.1.0 18.00 NOTE
r-release-macos-x86_64 1.1.0 27.00 NOTE
r-release-windows-x86_64 1.1.0 5.00 49.00 54.00 NOTE
r-oldrel-macos-arm64 1.1.0 20.00 NOTE
r-oldrel-macos-x86_64 1.1.0 27.00 NOTE
r-oldrel-windows-x86_64 1.1.0 5.00 51.00 56.00 NOTE

Check Details

Version: 1.1.0
Check: LazyData
Result: NOTE 'LazyData' is specified without a 'data' directory Flavors: r-patched-linux-x86_64, r-release-linux-x86_64, r-release-macos-arm64, r-release-macos-x86_64, r-release-windows-x86_64, r-oldrel-macos-arm64, r-oldrel-macos-x86_64, r-oldrel-windows-x86_64