Last updated on 2024-12-19 23:50:31 CET.
Flavor | Version | Tinstall | Tcheck | Ttotal | Status | Flags |
---|---|---|---|---|---|---|
r-devel-linux-x86_64-debian-clang | 0.5.4 | 70.02 | 113.02 | 183.04 | OK | |
r-devel-linux-x86_64-debian-gcc | 0.5.4 | 50.62 | 80.18 | 130.80 | OK | |
r-devel-linux-x86_64-fedora-clang | 0.5.4 | 363.93 | OK | |||
r-devel-linux-x86_64-fedora-gcc | 0.5.4 | 356.57 | OK | |||
r-devel-windows-x86_64 | 0.5.4 | 83.00 | 200.00 | 283.00 | OK | |
r-patched-linux-x86_64 | 0.5.4 | 68.28 | 113.11 | 181.39 | OK | |
r-release-linux-x86_64 | 0.5.4 | 70.31 | 111.92 | 182.23 | OK | |
r-release-macos-arm64 | 0.5.4 | 104.00 | NOTE | |||
r-release-macos-x86_64 | 0.5.4 | 158.00 | NOTE | |||
r-release-windows-x86_64 | 0.5.4 | 87.00 | 203.00 | 290.00 | OK | |
r-oldrel-macos-arm64 | 0.5.4 | 141.00 | NOTE | |||
r-oldrel-macos-x86_64 | 0.5.4 | 217.00 | NOTE | |||
r-oldrel-windows-x86_64 | 0.5.4 | 97.00 | 290.00 | 387.00 | OK |
Version: 0.5.4
Check: installed package size
Result: NOTE
installed size is 7.2Mb
sub-directories of 1Mb or more:
libs 6.8Mb
Flavors: r-release-macos-arm64, r-release-macos-x86_64, r-oldrel-macos-arm64, r-oldrel-macos-x86_64