CRAN Package Check Results for Package DLL

Last updated on 2024-12-19 23:50:32 CET.

Flavor Version Tinstall Tcheck Ttotal Status Flags
r-devel-linux-x86_64-debian-clang 1.0.0 6.53 59.22 65.75 OK
r-devel-linux-x86_64-debian-gcc 1.0.0 5.42 42.43 47.85 OK
r-devel-linux-x86_64-fedora-clang 1.0.0 102.77 NOTE
r-devel-linux-x86_64-fedora-gcc 1.0.0 97.91 NOTE
r-devel-windows-x86_64 1.0.0 7.00 75.00 82.00 OK
r-patched-linux-x86_64 1.0.0 4.98 55.04 60.02 OK
r-release-linux-x86_64 1.0.0 6.19 55.62 61.81 OK
r-release-macos-arm64 1.0.0 27.00 OK
r-release-macos-x86_64 1.0.0 52.00 OK
r-release-windows-x86_64 1.0.0 8.00 70.00 78.00 OK
r-oldrel-macos-arm64 1.0.0 35.00 OK
r-oldrel-macos-x86_64 1.0.0 56.00 OK
r-oldrel-windows-x86_64 1.0.0 10.00 83.00 93.00 OK

Check Details

Version: 1.0.0
Check: dependencies in R code
Result: NOTE Namespace in Imports field not imported from: ‘MASS’ All declared Imports should be used. Flavors: r-devel-linux-x86_64-fedora-clang, r-devel-linux-x86_64-fedora-gcc