Last updated on 2024-12-19 23:50:32 CET.
Flavor | Version | Tinstall | Tcheck | Ttotal | Status | Flags |
---|---|---|---|---|---|---|
r-devel-linux-x86_64-debian-clang | 1.10 | 65.42 | 200.53 | 265.95 | OK | |
r-devel-linux-x86_64-debian-gcc | 1.10 | 44.82 | 120.28 | 165.10 | OK | |
r-devel-linux-x86_64-fedora-clang | 1.10 | 475.09 | OK | |||
r-devel-linux-x86_64-fedora-gcc | 1.10 | 464.40 | OK | |||
r-devel-windows-x86_64 | 1.10 | 65.00 | 215.00 | 280.00 | OK | |
r-patched-linux-x86_64 | 1.10 | 63.00 | 178.22 | 241.22 | OK | |
r-release-linux-x86_64 | 1.10 | 60.98 | 179.96 | 240.94 | OK | |
r-release-macos-arm64 | 1.10 | 119.00 | NOTE | |||
r-release-macos-x86_64 | 1.10 | 158.00 | NOTE | |||
r-release-windows-x86_64 | 1.10 | 65.00 | 216.00 | 281.00 | OK | |
r-oldrel-macos-arm64 | 1.10 | 131.00 | NOTE | |||
r-oldrel-macos-x86_64 | 1.10 | 227.00 | NOTE | |||
r-oldrel-windows-x86_64 | 1.10 | 80.00 | 282.00 | 362.00 | OK |
Version: 1.10
Check: installed package size
Result: NOTE
installed size is 5.0Mb
sub-directories of 1Mb or more:
libs 4.4Mb
Flavors: r-release-macos-arm64, r-release-macos-x86_64, r-oldrel-macos-arm64, r-oldrel-macos-x86_64