CRAN Package Check Results for Package DRAYL

Last updated on 2024-12-19 23:50:32 CET.

Flavor Version Tinstall Tcheck Ttotal Status Flags
r-devel-linux-x86_64-debian-clang 1.0 2.42 30.95 33.37 OK
r-devel-linux-x86_64-debian-gcc 1.0 1.97 22.91 24.88 OK
r-devel-linux-x86_64-fedora-clang 1.0 53.69 OK
r-devel-linux-x86_64-fedora-gcc 1.0 50.68 OK
r-devel-windows-x86_64 1.0 4.00 49.00 53.00 OK
r-patched-linux-x86_64 1.0 1.84 29.51 31.35 NOTE
r-release-linux-x86_64 1.0 2.20 29.38 31.58 NOTE
r-release-macos-arm64 1.0 19.00 NOTE
r-release-macos-x86_64 1.0 29.00 NOTE
r-release-windows-x86_64 1.0 4.00 51.00 55.00 NOTE
r-oldrel-macos-arm64 1.0 21.00 NOTE
r-oldrel-macos-x86_64 1.0 29.00 NOTE
r-oldrel-windows-x86_64 1.0 4.00 55.00 59.00 NOTE

Check Details

Version: 1.0
Check: LazyData
Result: NOTE 'LazyData' is specified without a 'data' directory Flavors: r-patched-linux-x86_64, r-release-linux-x86_64, r-release-macos-arm64, r-release-macos-x86_64, r-release-windows-x86_64, r-oldrel-macos-arm64, r-oldrel-macos-x86_64, r-oldrel-windows-x86_64