CRAN Package Check Results for Package DRR

Last updated on 2024-12-19 23:50:32 CET.

Flavor Version Tinstall Tcheck Ttotal Status Flags
r-devel-linux-x86_64-debian-clang 0.0.4 7.81 203.11 210.92 OK
r-devel-linux-x86_64-debian-gcc 0.0.4 6.18 128.55 134.73 OK
r-devel-linux-x86_64-fedora-clang 0.0.4 330.03 OK
r-devel-linux-x86_64-fedora-gcc 0.0.4 325.78 OK
r-devel-windows-x86_64 0.0.4 8.00 169.00 177.00 OK
r-patched-linux-x86_64 0.0.4 7.61 188.27 195.88 NOTE
r-release-linux-x86_64 0.0.4 7.35 189.24 196.59 NOTE
r-release-macos-arm64 0.0.4 84.00 NOTE
r-release-macos-x86_64 0.0.4 138.00 NOTE
r-release-windows-x86_64 0.0.4 8.00 175.00 183.00 NOTE
r-oldrel-macos-arm64 0.0.4 91.00 NOTE
r-oldrel-macos-x86_64 0.0.4 175.00 NOTE
r-oldrel-windows-x86_64 0.0.4 10.00 236.00 246.00 NOTE

Check Details

Version: 0.0.4
Check: LazyData
Result: NOTE 'LazyData' is specified without a 'data' directory Flavors: r-patched-linux-x86_64, r-release-linux-x86_64, r-release-macos-arm64, r-release-macos-x86_64, r-release-windows-x86_64, r-oldrel-macos-arm64, r-oldrel-macos-x86_64, r-oldrel-windows-x86_64