Last updated on 2024-12-19 23:50:32 CET.
Flavor | Version | Tinstall | Tcheck | Ttotal | Status | Flags |
---|---|---|---|---|---|---|
r-devel-linux-x86_64-debian-clang | 1.1.0 | 22.77 | 36.39 | 59.16 | OK | |
r-devel-linux-x86_64-debian-gcc | 1.1.0 | 19.91 | 28.09 | 48.00 | OK | |
r-devel-linux-x86_64-fedora-clang | 1.1.0 | 104.34 | OK | |||
r-devel-linux-x86_64-fedora-gcc | 1.1.0 | 115.00 | OK | |||
r-devel-windows-x86_64 | 1.1.0 | 26.00 | 71.00 | 97.00 | OK | |
r-patched-linux-x86_64 | 1.1.0 | 26.02 | 36.88 | 62.90 | OK | |
r-release-linux-x86_64 | 1.1.0 | 24.55 | 36.85 | 61.40 | OK | |
r-release-macos-arm64 | 1.1.0 | 37.00 | NOTE | |||
r-release-macos-x86_64 | 1.1.0 | 50.00 | NOTE | |||
r-release-windows-x86_64 | 1.1.0 | 26.00 | 85.00 | 111.00 | OK | |
r-oldrel-macos-arm64 | 1.1.0 | 39.00 | NOTE | |||
r-oldrel-macos-x86_64 | 1.1.0 | 99.00 | NOTE | |||
r-oldrel-windows-x86_64 | 1.1.0 | 30.00 | 87.00 | 117.00 | OK |
Version: 1.1.0
Check: installed package size
Result: NOTE
installed size is 13.2Mb
sub-directories of 1Mb or more:
libs 13.1Mb
Flavors: r-release-macos-arm64, r-release-macos-x86_64, r-oldrel-macos-arm64, r-oldrel-macos-x86_64