Last updated on 2024-12-19 23:50:31 CET.
Flavor | Version | Tinstall | Tcheck | Ttotal | Status | Flags |
---|---|---|---|---|---|---|
r-devel-linux-x86_64-debian-clang | 2.0.4 | 16.97 | 28.79 | 45.76 | OK | |
r-devel-linux-x86_64-debian-gcc | 2.0.4 | 11.56 | 21.54 | 33.10 | OK | |
r-devel-linux-x86_64-fedora-clang | 2.0.4 | 74.25 | NOTE | |||
r-devel-linux-x86_64-fedora-gcc | 2.0.4 | 70.72 | NOTE | |||
r-devel-windows-x86_64 | 2.0.4 | 15.00 | 61.00 | 76.00 | OK | |
r-patched-linux-x86_64 | 2.0.4 | 16.31 | 27.11 | 43.42 | OK | |
r-release-linux-x86_64 | 2.0.4 | 15.85 | 26.88 | 42.73 | OK | |
r-release-macos-arm64 | 2.0.4 | 32.00 | OK | |||
r-release-macos-x86_64 | 2.0.4 | 41.00 | OK | |||
r-release-windows-x86_64 | 2.0.4 | 18.00 | 54.00 | 72.00 | OK | |
r-oldrel-macos-arm64 | 2.0.4 | 32.00 | OK | |||
r-oldrel-macos-x86_64 | 2.0.4 | 53.00 | OK | |||
r-oldrel-windows-x86_64 | 2.0.4 | 21.00 | 62.00 | 83.00 | OK |
Version: 2.0.4
Check: dependencies in R code
Result: NOTE
Namespaces in Imports field not imported from:
‘jsonlite’ ‘methods’
All declared Imports should be used.
Flavors: r-devel-linux-x86_64-fedora-clang, r-devel-linux-x86_64-fedora-gcc