Last updated on 2024-12-19 23:50:31 CET.
Flavor | Version | Tinstall | Tcheck | Ttotal | Status | Flags |
---|---|---|---|---|---|---|
r-devel-linux-x86_64-debian-clang | 1.2.1 | 3.72 | 233.39 | 237.11 | OK | |
r-devel-linux-x86_64-debian-gcc | 1.2.1 | 2.44 | 139.33 | 141.77 | OK | |
r-devel-linux-x86_64-fedora-clang | 1.2.1 | 382.26 | OK | |||
r-devel-linux-x86_64-fedora-gcc | 1.2.1 | 373.22 | OK | |||
r-devel-windows-x86_64 | 1.2.1 | 6.00 | 235.00 | 241.00 | OK | |
r-patched-linux-x86_64 | 1.2.1 | 3.95 | 217.70 | 221.65 | OK | |
r-release-linux-x86_64 | 1.2.1 | 2.67 | 217.56 | 220.23 | OK | |
r-release-macos-arm64 | 1.2.1 | 86.00 | NOTE | |||
r-release-macos-x86_64 | 1.2.1 | 154.00 | NOTE | |||
r-release-windows-x86_64 | 1.2.1 | 5.00 | 227.00 | 232.00 | NOTE | |
r-oldrel-macos-arm64 | 1.2.1 | 100.00 | NOTE | |||
r-oldrel-macos-x86_64 | 1.2.1 | 358.00 | NOTE | |||
r-oldrel-windows-x86_64 | 1.2.1 | 5.00 | 270.00 | 275.00 | NOTE |
Version: 1.2.1
Check: installed package size
Result: NOTE
installed size is 7.1Mb
sub-directories of 1Mb or more:
doc 4.8Mb
extdata 2.1Mb
Flavors: r-release-macos-arm64, r-release-macos-x86_64, r-release-windows-x86_64, r-oldrel-macos-arm64, r-oldrel-macos-x86_64, r-oldrel-windows-x86_64