Last updated on 2024-12-19 23:50:32 CET.
Flavor | Version | Tinstall | Tcheck | Ttotal | Status | Flags |
---|---|---|---|---|---|---|
r-devel-linux-x86_64-debian-clang | 0.1.4 | 7.29 | 72.10 | 79.39 | NOTE | |
r-devel-linux-x86_64-debian-gcc | 0.1.4 | 4.97 | 51.29 | 56.26 | NOTE | |
r-devel-linux-x86_64-fedora-clang | 0.1.4 | 125.26 | NOTE | |||
r-devel-linux-x86_64-fedora-gcc | 0.1.4 | 132.22 | NOTE | |||
r-devel-windows-x86_64 | 0.1.4 | 9.00 | 106.00 | 115.00 | NOTE | |
r-patched-linux-x86_64 | 0.1.4 | 6.80 | 68.90 | 75.70 | NOTE | |
r-release-linux-x86_64 | 0.1.4 | 4.81 | 68.25 | 73.06 | NOTE | |
r-release-macos-arm64 | 0.1.4 | 45.00 | NOTE | |||
r-release-macos-x86_64 | 0.1.4 | 73.00 | NOTE | |||
r-release-windows-x86_64 | 0.1.4 | 9.00 | 108.00 | 117.00 | NOTE | |
r-oldrel-macos-arm64 | 0.1.4 | 54.00 | OK | |||
r-oldrel-macos-x86_64 | 0.1.4 | 77.00 | OK | |||
r-oldrel-windows-x86_64 | 0.1.4 | 11.00 | 123.00 | 134.00 | OK |
Version: 0.1.4
Check: Rd files
Result: NOTE
checkRd: (-1) generate_individual_graphs.Rd:11: Lost braces
11 | code{\link[DrDimont]{compute_correlation_matrices}}}
| ^
Flavors: r-devel-linux-x86_64-debian-clang, r-devel-linux-x86_64-debian-gcc, r-devel-linux-x86_64-fedora-clang, r-devel-linux-x86_64-fedora-gcc, r-devel-windows-x86_64, r-patched-linux-x86_64, r-release-linux-x86_64, r-release-macos-arm64, r-release-macos-x86_64, r-release-windows-x86_64