Last updated on 2024-12-19 23:50:32 CET.
Flavor | Version | Tinstall | Tcheck | Ttotal | Status | Flags |
---|---|---|---|---|---|---|
r-devel-linux-x86_64-debian-clang | 0.1.0 | 2.20 | 52.75 | 54.95 | OK | |
r-devel-linux-x86_64-debian-gcc | 0.1.0 | 1.65 | 33.63 | 35.28 | OK | |
r-devel-linux-x86_64-fedora-clang | 0.1.0 | 93.31 | NOTE | |||
r-devel-linux-x86_64-fedora-gcc | 0.1.0 | 76.87 | NOTE | |||
r-devel-windows-x86_64 | 0.1.0 | 4.00 | 74.00 | 78.00 | OK | |
r-patched-linux-x86_64 | 0.1.0 | 2.26 | 46.87 | 49.13 | OK | |
r-release-linux-x86_64 | 0.1.0 | 2.14 | 45.31 | 47.45 | OK | |
r-release-macos-arm64 | 0.1.0 | 29.00 | OK | |||
r-release-macos-x86_64 | 0.1.0 | 41.00 | OK | |||
r-release-windows-x86_64 | 0.1.0 | 5.00 | 73.00 | 78.00 | OK | |
r-oldrel-macos-arm64 | 0.1.0 | 32.00 | OK | |||
r-oldrel-macos-x86_64 | 0.1.0 | 37.00 | OK | |||
r-oldrel-windows-x86_64 | 0.1.0 | 5.00 | 84.00 | 89.00 | OK |
Version: 0.1.0
Check: dependencies in R code
Result: NOTE
Namespace in Imports field not imported from: ‘qcr’
All declared Imports should be used.
Flavors: r-devel-linux-x86_64-fedora-clang, r-devel-linux-x86_64-fedora-gcc