CRAN Package Check Results for Package EMC2

Last updated on 2024-12-19 23:50:32 CET.

Flavor Version Tinstall Tcheck Ttotal Status Flags
r-devel-linux-x86_64-debian-clang 2.1.0 44.94 327.44 372.38 OK
r-devel-linux-x86_64-debian-gcc 2.1.0 29.04 208.29 237.33 OK
r-devel-linux-x86_64-fedora-clang 2.1.0 643.65 OK
r-devel-linux-x86_64-fedora-gcc 2.1.0 621.18 OK
r-devel-windows-x86_64 2.1.0 46.00 317.00 363.00 OK
r-patched-linux-x86_64 2.1.0 40.68 309.58 350.26 OK
r-release-linux-x86_64 2.1.0 42.42 310.46 352.88 OK
r-release-macos-arm64 2.1.0 140.00 NOTE
r-release-macos-x86_64 2.1.0 260.00 NOTE
r-release-windows-x86_64 2.1.0 46.00 314.00 360.00 OK
r-oldrel-macos-arm64 2.1.0 138.00 NOTE
r-oldrel-macos-x86_64 2.1.0 242.00 NOTE
r-oldrel-windows-x86_64 2.1.0 54.00 415.00 469.00 OK

Check Details

Version: 2.1.0
Check: installed package size
Result: NOTE installed size is 6.0Mb sub-directories of 1Mb or more: doc 2.4Mb libs 2.2Mb Flavors: r-release-macos-arm64, r-release-macos-x86_64, r-oldrel-macos-arm64, r-oldrel-macos-x86_64