Last updated on 2024-12-19 23:50:33 CET.
Flavor | Version | Tinstall | Tcheck | Ttotal | Status | Flags |
---|---|---|---|---|---|---|
r-devel-linux-x86_64-debian-clang | 3.1.1 | 4.20 | 290.41 | 294.61 | OK | |
r-devel-linux-x86_64-debian-gcc | 3.1.1 | 3.22 | 268.06 | 271.28 | OK | |
r-devel-linux-x86_64-fedora-clang | 3.1.1 | 459.25 | NOTE | |||
r-devel-linux-x86_64-fedora-gcc | 3.1.1 | 491.58 | NOTE | |||
r-devel-windows-x86_64 | 3.1.1 | 7.00 | 304.00 | 311.00 | OK | |
r-patched-linux-x86_64 | 3.1.1 | 4.59 | 350.89 | 355.48 | OK | |
r-release-linux-x86_64 | 3.1.1 | 3.75 | 258.19 | 261.94 | OK | |
r-release-macos-arm64 | 3.1.1 | 242.00 | OK | |||
r-release-macos-x86_64 | 3.1.1 | 285.00 | OK | |||
r-release-windows-x86_64 | 3.1.1 | 7.00 | 386.00 | 393.00 | OK | |
r-oldrel-macos-arm64 | 3.1.1 | 253.00 | OK | |||
r-oldrel-macos-x86_64 | 3.1.1 | 317.00 | OK | |||
r-oldrel-windows-x86_64 | 3.1.1 | 8.00 | 520.00 | 528.00 | OK |
Version: 3.1.1
Check: dependencies in R code
Result: NOTE
Namespace in Imports field not imported from: ‘BiocStyle’
All declared Imports should be used.
Flavors: r-devel-linux-x86_64-fedora-clang, r-devel-linux-x86_64-fedora-gcc