Last updated on 2024-12-19 23:50:32 CET.
Flavor | Version | Tinstall | Tcheck | Ttotal | Status | Flags |
---|---|---|---|---|---|---|
r-devel-linux-x86_64-debian-clang | 0.5.0 | 422.70 | 250.79 | 673.49 | OK | |
r-devel-linux-x86_64-debian-gcc | 0.5.0 | 375.98 | 216.71 | 592.69 | OK | |
r-devel-linux-x86_64-fedora-clang | 0.5.0 | 1065.72 | OK | |||
r-devel-linux-x86_64-fedora-gcc | 0.5.0 | 1525.85 | OK | |||
r-devel-windows-x86_64 | 0.5.0 | 384.00 | 348.00 | 732.00 | OK | |
r-patched-linux-x86_64 | 0.5.0 | 508.44 | 292.41 | 800.85 | NOTE | |
r-release-linux-x86_64 | 0.5.0 | 504.14 | 288.86 | 793.00 | NOTE | |
r-release-macos-arm64 | 0.5.0 | 265.00 | NOTE | |||
r-release-macos-x86_64 | 0.5.0 | 284.00 | NOTE | |||
r-release-windows-x86_64 | 0.5.0 | 409.00 | 347.00 | 756.00 | NOTE | |
r-oldrel-macos-arm64 | 0.5.0 | 299.00 | NOTE | |||
r-oldrel-macos-x86_64 | 0.5.0 | 386.00 | NOTE | |||
r-oldrel-windows-x86_64 | 0.5.0 | 539.00 | 432.00 | 971.00 | NOTE |
Version: 0.5.0
Check: for GNU extensions in Makefiles
Result: NOTE
GNU make is a SystemRequirements.
Flavors: r-patched-linux-x86_64, r-release-linux-x86_64, r-release-macos-arm64, r-release-macos-x86_64, r-release-windows-x86_64, r-oldrel-macos-arm64, r-oldrel-macos-x86_64, r-oldrel-windows-x86_64
Version: 0.5.0
Check: installed package size
Result: NOTE
installed size is 85.5Mb
sub-directories of 1Mb or more:
libs 84.3Mb
Flavors: r-release-macos-arm64, r-release-macos-x86_64, r-release-windows-x86_64, r-oldrel-macos-arm64, r-oldrel-macos-x86_64, r-oldrel-windows-x86_64