CRAN Package Check Results for Package FABInference

Last updated on 2024-12-19 23:50:33 CET.

Flavor Version Tinstall Tcheck Ttotal Status Flags
r-devel-linux-x86_64-debian-clang 0.1 2.23 27.30 29.53 OK
r-devel-linux-x86_64-debian-gcc 0.1 1.87 21.09 22.96 OK
r-devel-linux-x86_64-fedora-clang 0.1 49.01 OK
r-devel-linux-x86_64-fedora-gcc 0.1 45.38 OK
r-devel-windows-x86_64 0.1 4.00 47.00 51.00 OK
r-patched-linux-x86_64 0.1 2.02 26.10 28.12 NOTE
r-release-linux-x86_64 0.1 1.91 26.11 28.02 NOTE
r-release-macos-arm64 0.1 15.00 NOTE
r-release-macos-x86_64 0.1 25.00 NOTE
r-release-windows-x86_64 0.1 3.00 56.00 59.00 NOTE
r-oldrel-macos-arm64 0.1 17.00 NOTE
r-oldrel-macos-x86_64 0.1 26.00 NOTE
r-oldrel-windows-x86_64 0.1 3.00 52.00 55.00 NOTE

Check Details

Version: 0.1
Check: LazyData
Result: NOTE 'LazyData' is specified without a 'data' directory Flavors: r-patched-linux-x86_64, r-release-linux-x86_64, r-release-macos-arm64, r-release-macos-x86_64, r-release-windows-x86_64, r-oldrel-macos-arm64, r-oldrel-macos-x86_64, r-oldrel-windows-x86_64