CRAN Package Check Results for Package FAMetA

Last updated on 2024-12-19 23:50:33 CET.

Flavor Version Tinstall Tcheck Ttotal Status Flags
r-devel-linux-x86_64-debian-clang 0.1.6 8.54 72.91 81.45 NOTE
r-devel-linux-x86_64-debian-gcc 0.1.6 7.48 52.78 60.26 NOTE
r-devel-linux-x86_64-fedora-clang 0.1.6 135.62 OK
r-devel-linux-x86_64-fedora-gcc 0.1.6 139.27 OK
r-devel-windows-x86_64 0.1.6 14.00 91.00 105.00 NOTE
r-patched-linux-x86_64 0.1.6 16.37 68.49 84.86 OK
r-release-linux-x86_64 0.1.6 9.16 68.38 77.54 OK
r-release-macos-arm64 0.1.6 45.00 OK
r-release-macos-x86_64 0.1.6 68.00 OK
r-release-windows-x86_64 0.1.6 13.00 89.00 102.00 OK
r-oldrel-macos-arm64 0.1.6 47.00 OK
r-oldrel-macos-x86_64 0.1.6 103.00 OK
r-oldrel-windows-x86_64 0.1.6 15.00 106.00 121.00 OK

Check Details

Version: 0.1.6
Check: Rd cross-references
Result: NOTE Found the following Rd file(s) with Rd \link{} targets missing package anchors: getFormula.Rd: createLipidDB, assignDB Please provide package anchors for all Rd \link{} targets not in the package itself and the base packages. Flavors: r-devel-linux-x86_64-debian-clang, r-devel-linux-x86_64-debian-gcc, r-devel-windows-x86_64