CRAN Package Check Results for Package FactoInvestigate

Last updated on 2024-12-19 23:50:33 CET.

Flavor Version Tinstall Tcheck Ttotal Status Flags
r-devel-linux-x86_64-debian-clang 1.9 10.90 90.41 101.31 NOTE
r-devel-linux-x86_64-debian-gcc 1.9 6.37 63.03 69.40 NOTE
r-devel-linux-x86_64-fedora-clang 1.9 173.83 OK
r-devel-linux-x86_64-fedora-gcc 1.9 174.24 OK
r-devel-windows-x86_64 1.9 15.00 97.00 112.00 NOTE
r-patched-linux-x86_64 1.9 19.05 85.24 104.29 OK
r-release-linux-x86_64 1.9 8.75 82.75 91.50 OK
r-release-macos-arm64 1.9 48.00 OK
r-release-macos-x86_64 1.9 67.00 OK
r-release-windows-x86_64 1.9 18.00 97.00 115.00 OK
r-oldrel-macos-arm64 1.9 50.00 OK
r-oldrel-macos-x86_64 1.9 127.00 OK
r-oldrel-windows-x86_64 1.9 21.00 125.00 146.00 OK

Check Details

Version: 1.9
Check: Rd cross-references
Result: NOTE Found the following Rd file(s) with Rd \link{} targets missing package anchors: Investigate.Rd: CA classif.Rd: HCPC description.Rd: CA factoGraph.Rd: CA graphHab.Rd: CA Please provide package anchors for all Rd \link{} targets not in the package itself and the base packages. Flavors: r-devel-linux-x86_64-debian-clang, r-devel-linux-x86_64-debian-gcc, r-devel-windows-x86_64