CRAN Package Check Results for Package FateID

Last updated on 2024-12-19 23:50:33 CET.

Flavor Version Tinstall Tcheck Ttotal Status Flags
r-devel-linux-x86_64-debian-clang 0.2.2 8.85 161.74 170.59 OK
r-devel-linux-x86_64-debian-gcc 0.2.2 7.42 118.05 125.47 OK
r-devel-linux-x86_64-fedora-clang 0.2.2 276.09 OK
r-devel-linux-x86_64-fedora-gcc 0.2.2 277.18 OK
r-devel-windows-x86_64 0.2.2 12.00 139.00 151.00 OK
r-patched-linux-x86_64 0.2.2 9.93 150.04 159.97 OK
r-release-linux-x86_64 0.2.2 9.62 148.97 158.59 OK
r-release-macos-arm64 0.2.2 78.00 OK
r-release-macos-x86_64 0.2.2 145.00 OK
r-release-windows-x86_64 0.2.2 11.00 142.00 153.00 OK
r-oldrel-macos-arm64 0.2.2 85.00 OK
r-oldrel-macos-x86_64 0.2.2 114.00 NOTE
r-oldrel-windows-x86_64 0.2.2 14.00 170.00 184.00 OK

Check Details

Version: 0.2.2
Check: package dependencies
Result: NOTE Package suggested but not available for checking: ‘DESeq2’ Flavor: r-oldrel-macos-x86_64