CRAN Package Check Results for Package FinancialInstrument

Last updated on 2024-12-19 23:50:33 CET.

Flavor Version Tinstall Tcheck Ttotal Status Flags
r-devel-linux-x86_64-debian-clang 1.3.1 6.74 53.79 60.53 NOTE
r-devel-linux-x86_64-debian-gcc 1.3.1 4.94 37.82 42.76 NOTE
r-devel-linux-x86_64-fedora-clang 1.3.1 100.75 OK
r-devel-linux-x86_64-fedora-gcc 1.3.1 93.44 OK
r-devel-windows-x86_64 1.3.1 10.00 81.00 91.00 NOTE
r-patched-linux-x86_64 1.3.1 12.80 50.23 63.03 OK
r-release-linux-x86_64 1.3.1 8.14 50.17 58.31 OK
r-release-macos-arm64 1.3.1 29.00 OK
r-release-macos-x86_64 1.3.1 58.00 OK
r-release-windows-x86_64 1.3.1 11.00 80.00 91.00 OK
r-oldrel-macos-arm64 1.3.1 32.00 OK
r-oldrel-macos-x86_64 1.3.1 49.00 OK
r-oldrel-windows-x86_64 1.3.1 11.00 91.00 102.00 OK

Check Details

Version: 1.3.1
Check: Rd cross-references
Result: NOTE Found the following Rd file(s) with Rd \link{} targets missing package anchors: instrument.auto.Rd: setSymbolLookup Please provide package anchors for all Rd \link{} targets not in the package itself and the base packages. Flavors: r-devel-linux-x86_64-debian-clang, r-devel-linux-x86_64-debian-gcc, r-devel-windows-x86_64