CRAN Package Check Results for Package FlyingR

Last updated on 2024-12-19 23:50:33 CET.

Flavor Version Tinstall Tcheck Ttotal Status Flags
r-devel-linux-x86_64-debian-clang 0.2.2 20.17 54.13 74.30 OK
r-devel-linux-x86_64-debian-gcc 0.2.2 14.76 37.31 52.07 OK
r-devel-linux-x86_64-fedora-clang 0.2.2 137.09 NOTE
r-devel-linux-x86_64-fedora-gcc 0.2.2 141.50 NOTE
r-devel-windows-x86_64 0.2.2 26.00 85.00 111.00 OK
r-patched-linux-x86_64 0.2.2 21.44 51.74 73.18 OK
r-release-linux-x86_64 0.2.2 20.95 51.37 72.32 OK
r-release-macos-arm64 0.2.2 40.00 OK
r-release-macos-x86_64 0.2.2 68.00 OK
r-release-windows-x86_64 0.2.2 25.00 89.00 114.00 OK
r-oldrel-macos-arm64 0.2.2 48.00 OK
r-oldrel-macos-x86_64 0.2.2 81.00 OK
r-oldrel-windows-x86_64 0.2.2 30.00 103.00 133.00 OK

Check Details

Version: 0.2.2
Check: dependencies in R code
Result: NOTE Namespaces in Imports field not imported from: ‘kableExtra’ ‘knitr’ ‘rmarkdown’ All declared Imports should be used. Flavors: r-devel-linux-x86_64-fedora-clang, r-devel-linux-x86_64-fedora-gcc