Last updated on 2024-12-19 23:50:34 CET.
Flavor | Version | Tinstall | Tcheck | Ttotal | Status | Flags |
---|---|---|---|---|---|---|
r-devel-linux-x86_64-debian-clang | 1.0.2 | 30.25 | 23.26 | 53.51 | OK | |
r-devel-linux-x86_64-debian-gcc | 1.0.2 | 25.45 | 18.13 | 43.58 | OK | |
r-devel-linux-x86_64-fedora-clang | 1.0.2 | 97.61 | NOTE | |||
r-devel-linux-x86_64-fedora-gcc | 1.0.2 | 117.76 | NOTE | |||
r-devel-windows-x86_64 | 1.0.2 | 34.00 | 67.00 | 101.00 | OK | |
r-patched-linux-x86_64 | 1.0.2 | 37.62 | 22.47 | 60.09 | OK | |
r-release-linux-x86_64 | 1.0.2 | 35.31 | 22.47 | 57.78 | OK | |
r-release-macos-arm64 | 1.0.2 | 30.00 | OK | |||
r-release-macos-x86_64 | 1.0.2 | 76.00 | OK | |||
r-release-windows-x86_64 | 1.0.2 | 35.00 | 72.00 | 107.00 | OK | |
r-oldrel-macos-arm64 | 1.0.2 | 35.00 | OK | |||
r-oldrel-macos-x86_64 | 1.0.2 | 54.00 | OK | |||
r-oldrel-windows-x86_64 | 1.0.2 | 41.00 | 75.00 | 116.00 | OK |
Version: 1.0.2
Check: compiled code
Result: NOTE
File ‘GEEaSPU/libs/GEEaSPU.so’:
Found no calls to: ‘R_registerRoutines’, ‘R_useDynamicSymbols’
It is good practice to register native routines and to disable symbol
search.
See ‘Writing portable packages’ in the ‘Writing R Extensions’ manual.
Flavors: r-devel-linux-x86_64-fedora-clang, r-devel-linux-x86_64-fedora-gcc