Last updated on 2024-12-19 23:50:34 CET.
Flavor | Version | Tinstall | Tcheck | Ttotal | Status | Flags |
---|---|---|---|---|---|---|
r-devel-linux-x86_64-debian-clang | 0.1 | 34.01 | 20.99 | 55.00 | OK | |
r-devel-linux-x86_64-debian-gcc | 0.1 | 22.77 | 17.85 | 40.62 | OK | |
r-devel-linux-x86_64-fedora-clang | 0.1 | 101.00 | OK | |||
r-devel-linux-x86_64-fedora-gcc | 0.1 | 103.71 | OK | |||
r-devel-windows-x86_64 | 0.1 | 36.00 | 60.00 | 96.00 | OK | |
r-patched-linux-x86_64 | 0.1 | 33.49 | 21.08 | 54.57 | OK | |
r-release-linux-x86_64 | 0.1 | 32.89 | 21.06 | 53.95 | OK | |
r-release-macos-arm64 | 0.1 | 29.00 | NOTE | |||
r-release-macos-x86_64 | 0.1 | 33.00 | NOTE | |||
r-release-windows-x86_64 | 0.1 | 35.00 | 75.00 | 110.00 | OK | |
r-oldrel-macos-arm64 | 0.1 | 35.00 | NOTE | |||
r-oldrel-macos-x86_64 | 0.1 | 52.00 | NOTE | |||
r-oldrel-windows-x86_64 | 0.1 | 42.00 | 68.00 | 110.00 | OK |
Version: 0.1
Check: installed package size
Result: NOTE
installed size is 7.4Mb
sub-directories of 1Mb or more:
libs 7.3Mb
Flavors: r-release-macos-arm64, r-release-macos-x86_64, r-oldrel-macos-arm64, r-oldrel-macos-x86_64