Last updated on 2024-12-19 23:50:34 CET.
Flavor | Version | Tinstall | Tcheck | Ttotal | Status | Flags |
---|---|---|---|---|---|---|
r-devel-linux-x86_64-debian-clang | 3.1-5 | 28.37 | 230.88 | 259.25 | OK | |
r-devel-linux-x86_64-debian-gcc | 3.1-5 | 15.85 | 153.26 | 169.11 | OK | |
r-devel-linux-x86_64-fedora-clang | 3.1-5 | 418.41 | OK | |||
r-devel-linux-x86_64-fedora-gcc | 3.1-5 | 431.83 | OK | |||
r-devel-windows-x86_64 | 3.1-5 | 29.00 | 259.00 | 288.00 | OK | |
r-patched-linux-x86_64 | 3.1-5 | 28.74 | 210.87 | 239.61 | OK | |
r-release-linux-x86_64 | 3.1-5 | 28.26 | 216.93 | 245.19 | OK | |
r-release-macos-arm64 | 3.1-5 | 129.00 | NOTE | |||
r-release-macos-x86_64 | 3.1-5 | 172.00 | NOTE | |||
r-release-windows-x86_64 | 3.1-5 | 28.00 | 256.00 | 284.00 | NOTE | |
r-oldrel-macos-arm64 | 3.1-5 | 173.00 | NOTE | |||
r-oldrel-macos-x86_64 | 3.1-5 | 172.00 | NOTE | |||
r-oldrel-windows-x86_64 | 3.1-5 | 40.00 | 314.00 | 354.00 | NOTE |
Version: 3.1-5
Check: installed package size
Result: NOTE
installed size is 10.0Mb
sub-directories of 1Mb or more:
R 1.1Mb
doc 7.3Mb
Flavors: r-release-macos-arm64, r-release-macos-x86_64, r-release-windows-x86_64, r-oldrel-macos-arm64, r-oldrel-macos-x86_64, r-oldrel-windows-x86_64