Last updated on 2024-12-19 23:50:34 CET.
Flavor | Version | Tinstall | Tcheck | Ttotal | Status | Flags |
---|---|---|---|---|---|---|
r-devel-linux-x86_64-debian-clang | 1.2.7 | 162.05 | 321.88 | 483.93 | OK | |
r-devel-linux-x86_64-debian-gcc | 1.2.7 | 113.67 | 231.91 | 345.58 | OK | |
r-devel-linux-x86_64-fedora-clang | 1.2.7 | 787.36 | OK | |||
r-devel-linux-x86_64-fedora-gcc | 1.2.7 | 781.84 | OK | |||
r-devel-windows-x86_64 | 1.2.7 | 174.00 | 322.00 | 496.00 | OK | |
r-patched-linux-x86_64 | 1.2.7 | 149.07 | 305.13 | 454.20 | OK | |
r-release-linux-x86_64 | 1.2.7 | 154.20 | 305.27 | 459.47 | OK | |
r-release-macos-arm64 | 1.2.7 | 243.00 | NOTE | |||
r-release-macos-x86_64 | 1.2.7 | 363.00 | NOTE | |||
r-release-windows-x86_64 | 1.2.7 | 172.00 | 316.00 | 488.00 | NOTE | |
r-oldrel-macos-arm64 | 1.2.7 | 229.00 | NOTE | |||
r-oldrel-macos-x86_64 | 1.2.7 | 579.00 | NOTE | |||
r-oldrel-windows-x86_64 | 1.2.7 | 238.00 | 408.00 | 646.00 | NOTE |
Version: 1.2.7
Check: installed package size
Result: NOTE
installed size is 7.6Mb
sub-directories of 1Mb or more:
R 7.0Mb
Flavors: r-release-macos-arm64, r-release-macos-x86_64, r-release-windows-x86_64, r-oldrel-macos-arm64, r-oldrel-macos-x86_64, r-oldrel-windows-x86_64